nder when 271428 is divided by 1392?
1380
Calculate the remainder when 3730 is divided by 1053.
571
What is the remainder when 79099 is divided by 314?
285
Calculate the remainder when 55949 is divided by 26.
23
Calculate the remainder when 4248 is divided by 259.
104
What is the remainder when 171369 is divided by 14280?
9
Calculate the remainder when 338524 is divided by 44.
32
What is the remainder when 3898 is divided by 303?
262
Calculate the remainder when 65595 is divided by 106.
87
Calculate the remainder when 4059 is divided by 203.
202
Calculate the remainder when 134 is divided by 85.
49
What is the remainder when 21718 is divided by 134?
10
Calculate the remainder when 2373 is divided by 270.
213
What is the remainder when 9682 is divided by 173?
167
Calculate the remainder when 1006880 is divided by 5111.
13
Calculate the remainder when 13149 is divided by 70.
59
Calculate the remainder when 205 is divided by 39.
10
What is the remainder when 2277366 is divided by 4?
2
Calculate the remainder when 290621 is divided by 152.
149
Calculate the remainder when 52423 is divided by 32.
7
Calculate the remainder when 80890 is divided by 1348.
10
What is the remainder when 90089 is divided by 30?
29
Calculate the remainder when 5290 is divided by 2.
0
What is the remainder when 319802 is divided by 17?
15
What is the remainder when 3040 is divided by 182?
128
What is the remainder when 94332 is divided by 101?
99
What is the remainder when 12908 is divided by 6437?
34
What is the remainder when 290751 is divided by 58?
55
What is the remainder when 527566 is divided by 12?
10
What is the remainder when 11041 is divided by 179?
122
Calculate the remainder when 222 is divided by 47.
34
Calculate the remainder when 1387 is divided by 51.
10
What is the remainder when 5767192 is divided by 894?
892
What is the remainder when 32625 is divided by 3624?
9
Calculate the remainder when 248482 is divided by 299.
13
Calculate the remainder when 3315751 is divided by 21.
19
What is the remainder when 3030 is divided by 1227?
576
Calculate the remainder when 6098 is divided by 2665.
768
Calculate the remainder when 784692 is divided by 91.
90
What is the remainder when 53074 is divided by 7541?
287
Calculate the remainder when 123283 is divided by 17609.
20
Calculate the remainder when 2721 is divided by 226.
9
What is the remainder when 758807 is divided by 27?
26
What is the remainder when 18692 is divided by 100?
92
Calculate the remainder when 33902 is divided by 16846.
210
Calculate the remainder when 662982 is divided by 405.
402
What is the remainder when 11098 is divided by 2216?
18
Calculate the remainder when 79027 is divided by 21.
4
What is the remainder when 371918 is divided by 185952?
14
What is the remainder when 3366 is divided by 288?
198
Calculate the remainder when 2206 is divided by 1933.
273
What is the remainder when 1571 is divided by 209?
108
What is the remainder when 13447 is divided by 6703?
41
Calculate the remainder when 2091 is divided by 407.
56
What is the remainder when 6801 is divided by 61?
30
What is the remainder when 47056 is divided by 274?
202
Calculate the remainder when 82313 is divided by 41140.
33
Calculate the remainder when 6567 is divided by 478.
353
What is the remainder when 56484 is divided by 14117?
16
Calculate the remainder when 38971 is divided by 6483.
73
What is the remainder when 42840 is divided by 7130?
60
Calculate the remainder when 18899 is divided by 18.
17
What is the remainder when 6224 is divided by 569?
534
Calculate the remainder when 36216 is divided by 13.
11
Calculate the remainder when 29253 is divided by 1044.
21
Calculate the remainder when 46401 is divided by 15460.
21
What is the remainder when 28376 is divided by 33?
29
What is the remainder when 2329917 is divided by 278?
277
Calculate the remainder when 138307 is divided by 142.
141
Calculate the remainder when 210153 is divided by 332.
329
What is the remainder when 4505 is divided by 414?
365
What is the remainder when 55440 is divided by 230?
10
What is the remainder when 1628 is divided by 4?
0
What is the remainder when 171056 is divided by 1541?
5
Calculate the remainder when 2772632 is divided by 417.
416
What is the remainder when 29822 is divided by 61?
54
Calculate the remainder when 29677 is divided by 4042.
1383
Calculate the remainder when 180209 is divided by 129.
125
Calculate the remainder when 88288 is divided by 48.
16
What is the remainder when 274 is divided by 9?
4
Calculate the remainder when 2620 is divided by 266.
226
Calculate the remainder when 3804 is divided by 2157.
1647
Calculate the remainder when 1065168 is divided by 145.
143
What is the remainder when 73486 is divided by 73468?
18
Calculate the remainder when 216575 is divided by 94.
93
Calculate the remainder when 1165 is divided by 606.
559
Calculate the remainder when 658 is divided by 15.
13
Calculate the remainder when 1251359 is divided by 9.
8
What is the remainder when 30831 is divided by 18?
15
Calculate the remainder when 114742 is divided by 2668.
18
Calculate the remainder when 22031 is divided by 14.
9
Calculate the remainder when 9642 is divided by 729.
165
Calculate the remainder when 20818 is divided by 20781.
37
What is the remainder when 671 is divided by 207?
50
Calculate the remainder when 40466 is divided by 10116.
2
Calculate the remainder when 23928 is divided by 3416.
16
What is the remainder when 326891 is divided by 102?
83
Calculate the remainder when 2481 is divided by 18.
15
Calculate the remainder when 432192 is divided by 17287.
17
What is the remainder when 36708 is divided by 134?
126
Calculate the remainder when 49797 is divided by 1153.
218
What is the remainder when 8673 is divided by 37?
15
Calculate the remainder when 10492 is divided by 43.
0
Calculate the remainder when 33462 is divided by 16723.
16
Calculate the remainder when 3573 is divided by 585.
63
Calculate the remainder when 8292 is divided by 489.
468
Calculate the remainder when 8563 is divided by 2126.
59
What is the remainder when 23742 is divided by 14?
12
What is the remainder when 69994 is divided by 114?
112
Calculate the remainder when 2925517 is divided by 75.
67
Calculate the remainder when 94286 is divided by 593.
592
Calculate the remainder when 33965 is divided by 211.
205
What is the remainder when 2718790 is divided by 193?
192
What is the remainder when 61 is divided by 30?
1
What is the remainder when 5575 is divided by 1388?
23
What is the remainder when 985 is divided by 29?
28
Calculate the remainder when 465322 is divided by 3102.
22
What is the remainder when 1006 is divided by 195?
31
What is the remainder when 1258 is divided by 95?
23
What is the remainder when 580934 is divided by 116?
6
What is the remainder when 11035 is divided by 11025?
10
What is the remainder when 305 is divided by 278?
27
Calculate the remainder when 104992 is divided by 350.
342
What is the remainder when 9421 is divided by 134?
41
What is the remainder when 4228 is divided by 7?
0
What is the remainder when 1673 is divided by 494?
191
What is the remainder when 46529 is divided by 816?
17
What is the remainder when 17868 is divided by 20?
8
What is the remainder when 34367 is divided by 3435?
17
What is the remainder when 334539 is divided by 189?
9
Calculate the remainder when 77461 is divided by 298.
279
Calculate the remainder when 8629 is divided by 2864.
37
What is the remainder when 1993335 is divided by 657?
654
What is the remainder when 9872 is divided by 3266?
74
Calculate the remainder when 3610 is divided by 25.
10
What is the remainder when 62245 is divided by 62218?
27
What is the remainder when 32772 is divided by 455?
12
What is the remainder when 1683 is divided by 392?
115
What is the remainder when 2829 is divided by 92?
69
Calculate the remainder when 2050 is divided by 975.
100
Calculate the remainder when 5588 is divided by 86.
84
What is the remainder when 11113 is divided by 5500?
113
What is the remainder when 17664 is divided by 136?
120
Calculate the remainder when 1270987 is divided by 105915.
7
What is the remainder when 29297 is divided by 38?
37
What is the remainder when 27809 is divided by 1112?
9
Calcul